{"id":25059,"date":"2024-07-17T15:09:46","date_gmt":"2024-07-17T13:09:46","guid":{"rendered":"https:\/\/fgu.antstudio.dev\/research-and-laboratories\/research-departments\/laboratory-of-bioenergetics\/mitochondrialni-dysfunkce-a-fanconiho-syndrom\/"},"modified":"2024-08-20T17:58:50","modified_gmt":"2024-08-20T15:58:50","slug":"mitochondria-dysfunction-and-fanconi-syndrome","status":"publish","type":"page","link":"https:\/\/fgu.cas.cz\/en\/research-and-laboratories\/research-departments\/laboratory-of-bioenergetics\/mitochondria-dysfunction-and-fanconi-syndrome\/","title":{"rendered":"Mitochondria dysfunction and Fanconi syndrome"},"content":{"rendered":"\t\t<div data-elementor-type=\"wp-page\" data-elementor-id=\"25059\" class=\"elementor elementor-25059 elementor-17043\" data-elementor-post-type=\"page\">\n\t\t\t\t<div class=\"elementor-element elementor-element-471cac8 e-flex e-con-boxed e-con e-parent\" data-id=\"471cac8\" data-element_type=\"container\">\n\t\t\t\t\t<div class=\"e-con-inner\">\n\t\t\t\t<div class=\"elementor-element elementor-element-5c83bf5 elementor-widget__width-initial elementor-widget elementor-widget-heading\" data-id=\"5c83bf5\" data-element_type=\"widget\" data-widget_type=\"heading.default\">\n\t\t\t\t\t<h1 class=\"elementor-heading-title elementor-size-default\">Mitochondria dysfunction and Fanconi syndrome<\/h1>\t\t\t\t<\/div>\n\t\t\t\t\t<\/div>\n\t\t\t\t<\/div>\n\t\t<div class=\"elementor-element elementor-element-8a15d85 e-flex e-con-boxed e-con e-parent\" data-id=\"8a15d85\" data-element_type=\"container\">\n\t\t\t\t\t<div class=\"e-con-inner\">\n\t\t\t\t<div class=\"elementor-element elementor-element-0b5d0e2 elementor-widget elementor-widget-text-editor\" data-id=\"0b5d0e2\" data-element_type=\"widget\" data-widget_type=\"text-editor.default\">\n\t\t\t\t\t\t\t\t\t<p><strong>Inborn disorders of energy provision by mitochondrial respiratory chain are the primary cause of numerous serious diseases, ranging from most severe encephalo-cardio-myopathies manifesting early after birth to various tissues-specific and milder disorders affecting mainly adults.<\/strong><\/p>\t\t\t\t\t\t\t\t<\/div>\n\t\t\t\t<div class=\"elementor-element elementor-element-0f8064a elementor-widget elementor-widget-text-editor\" data-id=\"0f8064a\" data-element_type=\"widget\" data-widget_type=\"text-editor.default\">\n\t\t\t\t\t\t\t\t\t<p>Underlining genetic defects can affect mitochondrial genome (mtDNA) or a number of nuclear genes. In case of isolated deficiency of one complex of respiratory chain, either some of the structural subunits or a biogenetic factor essential for enzyme biogenesis and assembly can be affected.\u00a0\u00a0<\/p><p>Joint studies of researchers from Institute of Physiology CAS and from Institute of Inherited Metabolic Disorders of the 1st Faculty of medicine Charles University, which collaborate within the consortium MITOCENTER, led to the characterization of the genetic cause and molecular mechanism of Acadian variant of Fanconi syndrome, characterized by generalized proximal tubular dysfunction from birth, slowly progressive chronic kidney disease and pulmonary interstitial fibrosis. Based on exome and genome sequencing in affected families, we identified pathogenic mutation in noncoding region of NDUFAF6 gene encoding assembly factor of respiratory chain complex I, NAHD dehydrogenase. Analysis of pathogenic transcripts indicated that mutation leads to a loss of mitochondrial isoform of NDUFAF6 factor and subsequently to alteration of biogenesis and function of complex I. Pathogenicity of mutation was finally confirmed by complementation \u2013 rescue of enzyme defect in patient fibroblasts by transfection of wt NDUFASF6 gene. Elucidation of molecular pathogenesis of Acadian variant of Fanconi syndrome will improve diagnostics and prevention of the disease in affected families and significantly broadens our knowledge of mitochondrial diseases associated with complex I disorders.<\/p>\t\t\t\t\t\t\t\t<\/div>\n\t\t\t\t<div class=\"elementor-element elementor-element-78edf1a elementor-widget elementor-widget-image\" data-id=\"78edf1a\" data-element_type=\"widget\" data-widget_type=\"image.default\">\n\t\t\t\t\t\t\t\t\t\t\t\t\t\t\t<img fetchpriority=\"high\" decoding=\"async\" width=\"800\" height=\"298\" src=\"https:\/\/fgu.cas.cz\/wp-content\/uploads\/2024\/07\/fanconi1.png\" class=\"attachment-large size-large wp-image-17047\" alt=\"-\" srcset=\"https:\/\/fgu.cas.cz\/wp-content\/uploads\/2024\/07\/fanconi1.png 992w, https:\/\/fgu.cas.cz\/wp-content\/uploads\/2024\/07\/fanconi1-300x112.png 300w, https:\/\/fgu.cas.cz\/wp-content\/uploads\/2024\/07\/fanconi1-768x286.png 768w\" sizes=\"(max-width: 800px) 100vw, 800px\" title=\"\">\t\t\t\t\t\t\t\t\t\t\t\t\t\t\t<\/div>\n\t\t\t\t<div class=\"elementor-element elementor-element-7fd2695 elementor-widget elementor-widget-text-editor\" data-id=\"7fd2695\" data-element_type=\"widget\" data-widget_type=\"text-editor.default\">\n\t\t\t\t\t\t\t\t\t<p>Immunohistochemical detection of NDUFAF6 expression in pulmonary epithelium of a control (A) and Fanconi syndrome patient (B) shows reactive epithelial changes and lower NDUFAF6 signal in the patient<\/p>\t\t\t\t\t\t\t\t<\/div>\n\t\t\t\t<div class=\"elementor-element elementor-element-2d25c2a elementor-widget elementor-widget-image\" data-id=\"2d25c2a\" data-element_type=\"widget\" data-widget_type=\"image.default\">\n\t\t\t\t\t\t\t\t\t\t\t\t\t\t\t<img decoding=\"async\" width=\"800\" height=\"346\" src=\"https:\/\/fgu.cas.cz\/wp-content\/uploads\/2024\/07\/fanconi2-1024x443.png\" class=\"attachment-large size-large wp-image-17049\" alt=\"-\" srcset=\"https:\/\/fgu.cas.cz\/wp-content\/uploads\/2024\/07\/fanconi2-1024x443.png 1024w, https:\/\/fgu.cas.cz\/wp-content\/uploads\/2024\/07\/fanconi2-300x130.png 300w, https:\/\/fgu.cas.cz\/wp-content\/uploads\/2024\/07\/fanconi2-768x332.png 768w, https:\/\/fgu.cas.cz\/wp-content\/uploads\/2024\/07\/fanconi2.png 1352w\" sizes=\"(max-width: 800px) 100vw, 800px\" title=\"\">\t\t\t\t\t\t\t\t\t\t\t\t\t\t\t<\/div>\n\t\t\t\t<div class=\"elementor-element elementor-element-bd8cbfc elementor-widget elementor-widget-text-editor\" data-id=\"bd8cbfc\" data-element_type=\"widget\" data-widget_type=\"text-editor.default\">\n\t\t\t\t\t\t\t\t\t<p><strong>Complex I defect in fibroblasts of Fanconi syndrome patient is complemented by wt NDUFAF6. <\/strong><\/p>\t\t\t\t\t\t\t\t<\/div>\n\t\t\t\t<div class=\"elementor-element elementor-element-2c5dabb elementor-widget elementor-widget-text-editor\" data-id=\"2c5dabb\" data-element_type=\"widget\" data-widget_type=\"text-editor.default\">\n\t\t\t\t\t\t\t\t\t<p>A &#8211; Immunodetection of SDS-PAGE resolved NDUFAF6 protein, complex I subunits (NDUFA9, NDUFS3, NDUFB8), complexes II and III and actin in the fibroblasts from control (C), patient (P) and patient transfected with wt NDUFAF6 (P+NDUFAF6). B \u2013 Complex I activity and immunodetection of native complex I and complex III in digitonin-solubilised fibroblasts resolved by native electrophoresis (CNE or BNE). CIII2 denotes the dimer of complex III; CIII+CIV denotes the supercomplex of complex III and complex IV and SC\u2019s denotes supercomplexes containing complexes I, III and IV. C \u2013 ADP-stimulated oxidation of complex I-dependent substrates (pyruvate+malate+glutamate) is decreased in patient (P) compared to control (C) and significantly restored upon transfection with NDUFAF6 (P+NDUFAF6). *P&lt;0.05.<\/p>\t\t\t\t\t\t\t\t<\/div>\n\t\t\t\t<div class=\"elementor-element elementor-element-23b8ad0 elementor-widget elementor-widget-text-editor\" data-id=\"23b8ad0\" data-element_type=\"widget\" data-widget_type=\"text-editor.default\">\n\t\t\t\t\t\t\t\t\t<p>Hartmannov\u00e1, Hana \u2013 Piherov\u00e1, Lenka \u2013 Tauchmannov\u00e1, Kate\u0159ina \u2013 Kidd, Kendrah \u2013 Acott, Phillip \u2013 Crocker, John \u2013 Oussedik, Youcef \u2013 Mallet, Marcel \u2013 Hoda\u0148ov\u00e1, Kate\u0159ina \u2013 Str\u00e1neck\u00fd, Vktor \u2013 P\u0159istoupilov\u00e1, Anna, Bare\u0161ov\u00e1, Veronika, Jedli\u010dkov\u00e1, Ivana, Zivn\u00e1, Martina, Sovov\u00e1, Jana, H\u016flkov\u00e1, Helena \u2013 Robins, Vicki \u2013 Vrback\u00fd, Marek \u2013 Pecina, Petr \u2013 Kaplanov\u00e1, Vilma \u2013 Hou\u0161t\u011bk, Josef \u2013 Mr\u00e1\u010dek, Tom\u00e1\u0161 \u2013 Thibeault, Yves \u2013 Bleyer, Anthony \u2013 Kmoch, Stanislav. Acadian variant of Fanconi syndrome is caused by mitochondrial respiratory chain complex I deficiency due to a non-coding mutation in complex I assembly factor NDUFAF6. Human Molecular Genetics. 2016, ro\u010d. 25(18), Sep 15, p. 4062-4079. IF = 5.985<\/p>\t\t\t\t\t\t\t\t<\/div>\n\t\t\t\t\t<\/div>\n\t\t\t\t<\/div>\n\t\t\t\t<\/div>\n\t\t","protected":false},"excerpt":{"rendered":"<p>Inborn disorders of energy provision by mitochondrial respiratory chain are the primary cause of numerous serious diseases, ranging from most severe encephalo-cardio-myopathies manifesting early after birth to various tissues-specific and milder disorders affecting mainly adults. Underlining genetic defects can affect mitochondrial genome (mtDNA) or a number of nuclear genes. In case of isolated deficiency of [&hellip;]<\/p>\n","protected":false},"author":1,"featured_media":55280,"parent":23853,"menu_order":0,"comment_status":"closed","ping_status":"closed","template":"","meta":{"_acf_changed":false,"inline_featured_image":false,"footnotes":""},"class_list":["post-25059","page","type-page","status-publish","has-post-thumbnail","hentry"],"acf":[],"_links":{"self":[{"href":"https:\/\/fgu.cas.cz\/en\/wp-json\/wp\/v2\/pages\/25059","targetHints":{"allow":["GET"]}}],"collection":[{"href":"https:\/\/fgu.cas.cz\/en\/wp-json\/wp\/v2\/pages"}],"about":[{"href":"https:\/\/fgu.cas.cz\/en\/wp-json\/wp\/v2\/types\/page"}],"author":[{"embeddable":true,"href":"https:\/\/fgu.cas.cz\/en\/wp-json\/wp\/v2\/users\/1"}],"replies":[{"embeddable":true,"href":"https:\/\/fgu.cas.cz\/en\/wp-json\/wp\/v2\/comments?post=25059"}],"version-history":[{"count":0,"href":"https:\/\/fgu.cas.cz\/en\/wp-json\/wp\/v2\/pages\/25059\/revisions"}],"up":[{"embeddable":true,"href":"https:\/\/fgu.cas.cz\/en\/wp-json\/wp\/v2\/pages\/23853"}],"wp:featuredmedia":[{"embeddable":true,"href":"https:\/\/fgu.cas.cz\/en\/wp-json\/wp\/v2\/media\/55280"}],"wp:attachment":[{"href":"https:\/\/fgu.cas.cz\/en\/wp-json\/wp\/v2\/media?parent=25059"}],"curies":[{"name":"wp","href":"https:\/\/api.w.org\/{rel}","templated":true}]}}

<div data-elementor-type="wp-page" data-elementor-id="25059" class="elementor elementor-25059 elementor-17043" data-elementor-post-type="page">
				<div class="elementor-element elementor-element-471cac8 e-flex e-con-boxed e-con e-parent" data-id="471cac8" data-element_type="container">
					<div class="e-con-inner">
				<div class="elementor-element elementor-element-5c83bf5 elementor-widget__width-initial elementor-widget elementor-widget-heading" data-id="5c83bf5" data-element_type="widget" data-widget_type="heading.default">
					<h1 class="elementor-heading-title elementor-size-default">Mitochondria dysfunction and Fanconi syndrome</h1>				</div>
					</div>
				</div>
		<div class="elementor-element elementor-element-8a15d85 e-flex e-con-boxed e-con e-parent" data-id="8a15d85" data-element_type="container">
					<div class="e-con-inner">
				<div class="elementor-element elementor-element-0b5d0e2 elementor-widget elementor-widget-text-editor" data-id="0b5d0e2" data-element_type="widget" data-widget_type="text-editor.default">
									<p><strong>Inborn disorders of energy provision by mitochondrial respiratory chain are the primary cause of numerous serious diseases, ranging from most severe encephalo-cardio-myopathies manifesting early after birth to various tissues-specific and milder disorders affecting mainly adults.</strong></p>								</div>
				<div class="elementor-element elementor-element-0f8064a elementor-widget elementor-widget-text-editor" data-id="0f8064a" data-element_type="widget" data-widget_type="text-editor.default">
									<p>Underlining genetic defects can affect mitochondrial genome (mtDNA) or a number of nuclear genes. In case of isolated deficiency of one complex of respiratory chain, either some of the structural subunits or a biogenetic factor essential for enzyme biogenesis and assembly can be affected.  </p><p>Joint studies of researchers from Institute of Physiology CAS and from Institute of Inherited Metabolic Disorders of the 1st Faculty of medicine Charles University, which collaborate within the consortium MITOCENTER, led to the characterization of the genetic cause and molecular mechanism of Acadian variant of Fanconi syndrome, characterized by generalized proximal tubular dysfunction from birth, slowly progressive chronic kidney disease and pulmonary interstitial fibrosis. Based on exome and genome sequencing in affected families, we identified pathogenic mutation in noncoding region of NDUFAF6 gene encoding assembly factor of respiratory chain complex I, NAHD dehydrogenase. Analysis of pathogenic transcripts indicated that mutation leads to a loss of mitochondrial isoform of NDUFAF6 factor and subsequently to alteration of biogenesis and function of complex I. Pathogenicity of mutation was finally confirmed by complementation – rescue of enzyme defect in patient fibroblasts by transfection of wt NDUFASF6 gene. Elucidation of molecular pathogenesis of Acadian variant of Fanconi syndrome will improve diagnostics and prevention of the disease in affected families and significantly broadens our knowledge of mitochondrial diseases associated with complex I disorders.</p>								</div>
				<div class="elementor-element elementor-element-78edf1a elementor-widget elementor-widget-image" data-id="78edf1a" data-element_type="widget" data-widget_type="image.default">
															<img fetchpriority="high" decoding="async" width="800" height="298" src="https://fgu.cas.cz/wp-content/uploads/2024/07/fanconi1.png" class="attachment-large size-large wp-image-17047" alt="-" srcset="https://fgu.cas.cz/wp-content/uploads/2024/07/fanconi1.png 992w, https://fgu.cas.cz/wp-content/uploads/2024/07/fanconi1-300x112.png 300w, https://fgu.cas.cz/wp-content/uploads/2024/07/fanconi1-768x286.png 768w" sizes="(max-width: 800px) 100vw, 800px" title="">															</div>
				<div class="elementor-element elementor-element-7fd2695 elementor-widget elementor-widget-text-editor" data-id="7fd2695" data-element_type="widget" data-widget_type="text-editor.default">
									<p>Immunohistochemical detection of NDUFAF6 expression in pulmonary epithelium of a control (A) and Fanconi syndrome patient (B) shows reactive epithelial changes and lower NDUFAF6 signal in the patient</p>								</div>
				<div class="elementor-element elementor-element-2d25c2a elementor-widget elementor-widget-image" data-id="2d25c2a" data-element_type="widget" data-widget_type="image.default">
															<img decoding="async" width="800" height="346" src="https://fgu.cas.cz/wp-content/uploads/2024/07/fanconi2-1024x443.png" class="attachment-large size-large wp-image-17049" alt="-" srcset="https://fgu.cas.cz/wp-content/uploads/2024/07/fanconi2-1024x443.png 1024w, https://fgu.cas.cz/wp-content/uploads/2024/07/fanconi2-300x130.png 300w, https://fgu.cas.cz/wp-content/uploads/2024/07/fanconi2-768x332.png 768w, https://fgu.cas.cz/wp-content/uploads/2024/07/fanconi2.png 1352w" sizes="(max-width: 800px) 100vw, 800px" title="">															</div>
				<div class="elementor-element elementor-element-bd8cbfc elementor-widget elementor-widget-text-editor" data-id="bd8cbfc" data-element_type="widget" data-widget_type="text-editor.default">
									<p><strong>Complex I defect in fibroblasts of Fanconi syndrome patient is complemented by wt NDUFAF6. </strong></p>								</div>
				<div class="elementor-element elementor-element-2c5dabb elementor-widget elementor-widget-text-editor" data-id="2c5dabb" data-element_type="widget" data-widget_type="text-editor.default">
									<p>A &#8211; Immunodetection of SDS-PAGE resolved NDUFAF6 protein, complex I subunits (NDUFA9, NDUFS3, NDUFB8), complexes II and III and actin in the fibroblasts from control (C), patient (P) and patient transfected with wt NDUFAF6 (P+NDUFAF6). B – Complex I activity and immunodetection of native complex I and complex III in digitonin-solubilised fibroblasts resolved by native electrophoresis (CNE or BNE). CIII2 denotes the dimer of complex III; CIII+CIV denotes the supercomplex of complex III and complex IV and SC’s denotes supercomplexes containing complexes I, III and IV. C – ADP-stimulated oxidation of complex I-dependent substrates (pyruvate+malate+glutamate) is decreased in patient (P) compared to control (C) and significantly restored upon transfection with NDUFAF6 (P+NDUFAF6). *P&lt;0.05.</p>								</div>
				<div class="elementor-element elementor-element-23b8ad0 elementor-widget elementor-widget-text-editor" data-id="23b8ad0" data-element_type="widget" data-widget_type="text-editor.default">
									<p>Hartmannová, Hana – Piherová, Lenka – Tauchmannová, Kateřina – Kidd, Kendrah – Acott, Phillip – Crocker, John – Oussedik, Youcef – Mallet, Marcel – Hodaňová, Kateřina – Stránecký, Vktor – Přistoupilová, Anna, Barešová, Veronika, Jedličková, Ivana, Zivná, Martina, Sovová, Jana, Hůlková, Helena – Robins, Vicki – Vrbacký, Marek – Pecina, Petr – Kaplanová, Vilma – Houštěk, Josef – Mráček, Tomáš – Thibeault, Yves – Bleyer, Anthony – Kmoch, Stanislav. Acadian variant of Fanconi syndrome is caused by mitochondrial respiratory chain complex I deficiency due to a non-coding mutation in complex I assembly factor NDUFAF6. Human Molecular Genetics. 2016, roč. 25(18), Sep 15, p. 4062-4079. IF = 5.985</p>								</div>
					</div>
				</div>
				</div>
