{"id":36070,"date":"2024-08-12T17:03:44","date_gmt":"2024-08-12T15:03:44","guid":{"rendered":"https:\/\/fgu.cas.cz\/profil\/stanislav-tucek\/"},"modified":"2024-11-07T09:24:39","modified_gmt":"2024-11-07T08:24:39","slug":"stanislav-tucek","status":"publish","type":"profil","link":"https:\/\/fgu.cas.cz\/en\/profil\/stanislav-tucek\/","title":{"rendered":"Stanislav Tu\u010dek"},"content":{"rendered":"<h3>\u010cl\u00e1nky o Stanislavu Tu\u010dkovi<\/h3>\n<p><a href=\"https:\/\/onlinelibrary-wiley-com.d360prx.biomed.cas.cz\/doi\/pdfdirect\/10.1046\/j.1471-4159.85.s2.1_1.x\" target=\"_blank\" rel=\"noopener\">Stan Tucek &#8211; a truly European neurochemist<\/a>\u00a0Bachelard H,\u00a0<em>J Neurochem<\/em>\u00a085 (\u00a0Suppl \u200f 2): 1, 2003<\/p>\n<p><a href=\"https:\/\/link-springer-com.d360prx.biomed.cas.cz\/content\/pdf\/10.1023\/A:1022878204539.pdf\" target=\"_blank\" rel=\"noopener\">Stanislav Tucek (1932-2002)<\/a>\u00a0Lajtha A,\u00a0<em>Neurochem Res<\/em>\u00a028 (5): 787, 2003<\/p>\n<p><a href=\"https:\/\/link-springer-com.d360prx.biomed.cas.cz\/content\/pdf\/10.1023\/A:1022807530404.pdf\" target=\"_blank\" rel=\"noopener\">Special issue dedicated to Dr. Stanislav Tucek &#8211; Foreword<\/a>\u00a0Dahlstr\u00f6m AB,\u00a0<em>Neurochem Res<\/em>\u00a028 (3-4): 395-396, 2003<\/p>\n<p><a href=\"https:\/\/doi-org.d360prx.biomed.cas.cz\/10.1111\/j.1527-3458.2003.tb00240.x\" target=\"_blank\" rel=\"noopener\">Stanislav Tucek, MD, DSc (1932-2002) &#8211; In memoriam<\/a>\u00a0Dole\u017eal V,\u00a0<em>CNS Drug Rev<\/em>\u00a0\u00a09 (1): 1-2, 2003<\/p>\n<p><a href=\"https:\/\/doi-org.d360prx.biomed.cas.cz\/10.1046\/j.1471-4159.2003.01565.x\" target=\"_blank\" rel=\"noopener\">Stanislav Tucek (1932-2002) &#8211; In memoriam<\/a>\u00a0Dole\u017eal V; Dahlstr\u00f6m A; Bachelard H,\u00a0<em>J Neurochem<\/em>\u00a084 (1): 1-2, 2003<\/p>\n","protected":false},"author":1,"featured_media":23572,"template":"","meta":{"_acf_changed":false,"inline_featured_image":false,"footnotes":""},"oddeleni":[],"typ-pozice":[115,116],"ustav":[],"class_list":["post-36070","profil","type-profil","status-publish","has-post-thumbnail","hentry","typ-pozice-byvali-pracovnici","typ-pozice-osobnosti-fgu"],"acf":[],"_links":{"self":[{"href":"https:\/\/fgu.cas.cz\/en\/wp-json\/wp\/v2\/profil\/36070","targetHints":{"allow":["GET"]}}],"collection":[{"href":"https:\/\/fgu.cas.cz\/en\/wp-json\/wp\/v2\/profil"}],"about":[{"href":"https:\/\/fgu.cas.cz\/en\/wp-json\/wp\/v2\/types\/profil"}],"author":[{"embeddable":true,"href":"https:\/\/fgu.cas.cz\/en\/wp-json\/wp\/v2\/users\/1"}],"version-history":[{"count":0,"href":"https:\/\/fgu.cas.cz\/en\/wp-json\/wp\/v2\/profil\/36070\/revisions"}],"wp:featuredmedia":[{"embeddable":true,"href":"https:\/\/fgu.cas.cz\/en\/wp-json\/wp\/v2\/media\/23572"}],"wp:attachment":[{"href":"https:\/\/fgu.cas.cz\/en\/wp-json\/wp\/v2\/media?parent=36070"}],"wp:term":[{"taxonomy":"oddeleni","embeddable":true,"href":"https:\/\/fgu.cas.cz\/en\/wp-json\/wp\/v2\/oddeleni?post=36070"},{"taxonomy":"typ-pozice","embeddable":true,"href":"https:\/\/fgu.cas.cz\/en\/wp-json\/wp\/v2\/typ-pozice?post=36070"},{"taxonomy":"ustav","embeddable":true,"href":"https:\/\/fgu.cas.cz\/en\/wp-json\/wp\/v2\/ustav?post=36070"}],"curies":[{"name":"wp","href":"https:\/\/api.w.org\/{rel}","templated":true}]}}

Stanislav Tuček

<h3>Články o Stanislavu Tučkovi</h3>
<p><a href="https://onlinelibrary-wiley-com.d360prx.biomed.cas.cz/doi/pdfdirect/10.1046/j.1471-4159.85.s2.1_1.x" target="_blank" rel="noopener">Stan Tucek &#8211; a truly European neurochemist</a> Bachelard H, <em>J Neurochem</em> 85 ( Suppl ‏ 2): 1, 2003</p>
<p><a href="https://link-springer-com.d360prx.biomed.cas.cz/content/pdf/10.1023/A:1022878204539.pdf" target="_blank" rel="noopener">Stanislav Tucek (1932-2002)</a> Lajtha A, <em>Neurochem Res</em> 28 (5): 787, 2003</p>
<p><a href="https://link-springer-com.d360prx.biomed.cas.cz/content/pdf/10.1023/A:1022807530404.pdf" target="_blank" rel="noopener">Special issue dedicated to Dr. Stanislav Tucek &#8211; Foreword</a> Dahlström AB, <em>Neurochem Res</em> 28 (3-4): 395-396, 2003</p>
<p><a href="https://doi-org.d360prx.biomed.cas.cz/10.1111/j.1527-3458.2003.tb00240.x" target="_blank" rel="noopener">Stanislav Tucek, MD, DSc (1932-2002) &#8211; In memoriam</a> Doležal V, <em>CNS Drug Rev</em>  9 (1): 1-2, 2003</p>
<p><a href="https://doi-org.d360prx.biomed.cas.cz/10.1046/j.1471-4159.2003.01565.x" target="_blank" rel="noopener">Stanislav Tucek (1932-2002) &#8211; In memoriam</a> Doležal V; Dahlström A; Bachelard H, <em>J Neurochem</em> 84 (1): 1-2, 2003</p>
